{"id":20,"date":"2013-03-18T19:34:13","date_gmt":"2013-03-18T19:34:13","guid":{"rendered":"http:\/\/moninalopez.com.ar\/?page_id=20"},"modified":"2013-09-12T15:39:53","modified_gmt":"2013-09-12T15:39:53","slug":"las-praderas-de-lujan","status":"publish","type":"page","link":"https:\/\/moninalopez.com.ar\/?page_id=20","title":{"rendered":"Las praderas de Luj\u00e1n"},"content":{"rendered":"<h5>Las praderas, un lugar \u00fanico<\/h5>\n<p>Praderas es el club de campo con mayor proporci\u00f3n de espacios verdes de la Argentina.<\/p>\n<p>Es un predio de 270 ha., de las cu\u00e1les s\u00f3lo el 30% de su superficie est\u00e1 destinada a lotes, el resto lo ocupan los espacios verdes comunes que cuentan con una magn\u00edfica forestaci\u00f3n (80.000 \u00e1rboles) y el \u00e1rea de recreaci\u00f3n y deportes.<\/p>\n<div style=\"margin:30px 0 0 0;\"><\/div>\n<h6><a href=\"https:\/\/moninalopez.com.ar\/?page_id=84\">&#8211; Infraestructura social y deportiva<\/a><\/h6>\n<h6><a href=\"?location=las-praderas-de-lujan&#038;property-category=en-venta\">&#8211; Casas en venta<\/a><\/h6>\n<h6><a href=\"?location=las-praderas-de-lujan&#038;property-category=en-alquiler\">&#8211; Casas en alquiler<\/a><\/h6>\n<h6><a href=\"?page_id=98\">&#8211; Bungalows en venta o alquiler<\/a><\/h6>\n<h6><a href=\"?page_id=276\">&#8211; Terrenos en venta<\/a><\/h6>\n<h6><a href=\"https:\/\/moninalopez.com.ar\/?page_id=94\">&#8211; Ubicaci\u00f3n<\/a><\/h6>\n","protected":false},"excerpt":{"rendered":"<p>Las praderas, un lugar \u00fanico Praderas es el club de campo con mayor proporci\u00f3n de espacios verdes de la Argentina. Es un predio de 270 ha., de las cu\u00e1les s\u00f3lo el 30% de su superficie est\u00e1 destinada a lotes, el resto lo ocupan los espacios verdes comunes que cuentan con una magn\u00edfica forestaci\u00f3n (80.000 \u00e1rboles) <a class=\"moretag\" href=\"https:\/\/moninalopez.com.ar\/?page_id=20\">&rarr; M\u00e1s info<\/a><\/p>\n","protected":false},"author":1,"featured_media":0,"parent":0,"menu_order":0,"comment_status":"closed","ping_status":"closed","template":"","meta":{"footnotes":""},"class_list":["post-20","page","type-page","status-publish","hentry"],"_links":{"self":[{"href":"https:\/\/moninalopez.com.ar\/index.php?rest_route=\/wp\/v2\/pages\/20","targetHints":{"allow":["GET"]}}],"collection":[{"href":"https:\/\/moninalopez.com.ar\/index.php?rest_route=\/wp\/v2\/pages"}],"about":[{"href":"https:\/\/moninalopez.com.ar\/index.php?rest_route=\/wp\/v2\/types\/page"}],"author":[{"embeddable":true,"href":"https:\/\/moninalopez.com.ar\/index.php?rest_route=\/wp\/v2\/users\/1"}],"replies":[{"embeddable":true,"href":"https:\/\/moninalopez.com.ar\/index.php?rest_route=%2Fwp%2Fv2%2Fcomments&post=20"}],"version-history":[{"count":41,"href":"https:\/\/moninalopez.com.ar\/index.php?rest_route=\/wp\/v2\/pages\/20\/revisions"}],"predecessor-version":[{"id":676,"href":"https:\/\/moninalopez.com.ar\/index.php?rest_route=\/wp\/v2\/pages\/20\/revisions\/676"}],"wp:attachment":[{"href":"https:\/\/moninalopez.com.ar\/index.php?rest_route=%2Fwp%2Fv2%2Fmedia&parent=20"}],"curies":[{"name":"wp","href":"https:\/\/api.w.org\/{rel}","templated":true}]}}