{"id":94,"date":"2013-03-19T20:15:28","date_gmt":"2013-03-19T20:15:28","guid":{"rendered":"http:\/\/moninalopez.com.ar\/?page_id=94"},"modified":"2013-03-19T20:21:25","modified_gmt":"2013-03-19T20:21:25","slug":"ubicacion","status":"publish","type":"page","link":"https:\/\/moninalopez.com.ar\/?page_id=94","title":{"rendered":"Ubicaci\u00f3n"},"content":{"rendered":"<h5>Ubicaci\u00f3n: a 45 minutos de Buenos Aires<\/h5>\n<p>Praderas posee accesos por: Autopista Panamericana y ruta 6, \u00f3 por Acceso Oeste y ruta 192 o ruta 6.<\/p>\n<p>En ambos casos las rutas cuentan con extensos tramos de autov\u00eda, lo cu\u00e1l posibilita una inmejorable llegada a nuestro club de campo.<\/p>\n<div style=\"margin:25px 0 0 0;\"><\/div>\n<h6><a href=\"?page_id=20\">Volver<\/a><\/h6>\n","protected":false},"excerpt":{"rendered":"<p>Ubicaci\u00f3n: a 45 minutos de Buenos Aires Praderas posee accesos por: Autopista Panamericana y ruta 6, \u00f3 por Acceso Oeste y ruta 192 o ruta 6. En ambos casos las rutas cuentan con extensos tramos de autov\u00eda, lo cu\u00e1l posibilita una inmejorable llegada a nuestro club de campo. Volver<\/p>\n","protected":false},"author":1,"featured_media":0,"parent":0,"menu_order":0,"comment_status":"closed","ping_status":"closed","template":"","meta":{"footnotes":""},"class_list":["post-94","page","type-page","status-publish","hentry"],"_links":{"self":[{"href":"https:\/\/moninalopez.com.ar\/index.php?rest_route=\/wp\/v2\/pages\/94","targetHints":{"allow":["GET"]}}],"collection":[{"href":"https:\/\/moninalopez.com.ar\/index.php?rest_route=\/wp\/v2\/pages"}],"about":[{"href":"https:\/\/moninalopez.com.ar\/index.php?rest_route=\/wp\/v2\/types\/page"}],"author":[{"embeddable":true,"href":"https:\/\/moninalopez.com.ar\/index.php?rest_route=\/wp\/v2\/users\/1"}],"replies":[{"embeddable":true,"href":"https:\/\/moninalopez.com.ar\/index.php?rest_route=%2Fwp%2Fv2%2Fcomments&post=94"}],"version-history":[{"count":2,"href":"https:\/\/moninalopez.com.ar\/index.php?rest_route=\/wp\/v2\/pages\/94\/revisions"}],"predecessor-version":[{"id":96,"href":"https:\/\/moninalopez.com.ar\/index.php?rest_route=\/wp\/v2\/pages\/94\/revisions\/96"}],"wp:attachment":[{"href":"https:\/\/moninalopez.com.ar\/index.php?rest_route=%2Fwp%2Fv2%2Fmedia&parent=94"}],"curies":[{"name":"wp","href":"https:\/\/api.w.org\/{rel}","templated":true}]}}